ose -2*y + 5*y - b = 0. What is the units digit of y?
5
Suppose -t + 3*f + 10 = -23, f = 3*t - 99. Let m = t - 14. What is the units digit of m?
9
Let n be (-267)/39 - (-2)/(-13). Let q(j) = -2*j + 2. What is the units digit of q(n)?
6
Suppose 6*t - 42 = 5*t - 3*p, 4*p + 191 = 5*t. Let j be t/3 + 0 + 1. Suppose 4*m - j = 2*m. What is the units digit of m?
7
Let g(s) = -4*s**2 - 2*s + 1. Let m be g(1). Let t = m - -9. What is the units digit of t?
4
Let x(u) = u**2 + 3*u - 1. Let w be x(-4). Let o be (-3)/w*(0 + -3). Suppose -4*q + 16 = -o*s - 45, -3 = s. What is the tens digit of q?
1
Let s = 106 - 70. Let t(v) = v**3 - 7*v**2 + 8*v - 5. Let o be t(5). What is the units digit of (s/o)/((-6)/20)?
8
Let t(a) = -9*a + 1. Let h(b) = -b. Let c(g) = -5*h(g) + t(g). Let m be c(1). Let o(i) = -6*i + 3. What is the units digit of o(m)?
1
Suppose -1 = -3*m - 5*c + 7, 0 = -5*m + 2*c - 28. Let j = -4 - m. Suppose j = q - 2 - 2. What is the units digit of q?
4
Let s(z) = -z**3 - 3*z**2 + 2*z - 3. Let d be s(-4). Suppose -4*o - 5*b + 89 = 0, d = o - 2*b - 1. What is the tens digit of o?
1
What is the units digit of (-330)/(-9 - -4)*1?
6
Let j(h) = -h**2 - h + 5. Let o be j(0). Suppose k - 10 = -4*f, 4*f + o*k = 2 + 16. What is the units digit of (2/(-2))/(f/(-14))?
7
Let d(y) = -2*y + y**2 + 7*y - y. Let r be d(-4). Suppose r = 4*j + 3*n - 39, 3*j - n - 12 - 1 = 0. What is the units digit of j?
6
Let a = -11 + 24. Suppose 3*r + a = -k, -r - 5*k = 2*r - 7. Let n = r - -13. What is the units digit of n?
7
Let u = -453 - -762. What is the hundreds digit of u?
3
Let t(i) be the second derivative of -i**5/20 + 5*i**4/6 - 5*i**3/3 + 5*i**2 - i. What is the tens digit of t(8)?
5
Let j(z) = -35*z - 11. What is the units digit of j(-4)?
9
Suppose 0 = 4*k - g - 105, 2*k + k = 5*g + 66. Suppose k = -p - 2*p. Let o(i) = i**3 + 9*i**2 - 3*i - 13. What is the units digit of o(p)?
4
Let f be 10 - (-1 + (1 - -2)). Suppose -2*n - 12 = 4*z, z - 6 = 3*n - f*n. What is the units digit of n?
2
Suppose -665 = 2*f - 7*f. What is the hundreds digit of f?
1
Suppose 3 = 2*q + 1. Suppose q = f - 33. Suppose 0 = 5*y - f - 11. What is the units digit of y?
9
Let c(w) = -3*w**2 + 9*w + 4. Let m(v) = 7*v**2 - 18*v - 7. Let b(a) = 9*c(a) + 4*m(a). Let f be b(-8). Suppose r + 3*r - 8 = f. What is the units digit of r?
2
Let v = 53 - -30. What is the units digit of v?
3
Let j(t) = -t**3 + 5*t**2 - 5*t + 4. Let d be j(4). Suppose 5*n + 20 = -d*n. What is the units digit of n/6*105/(-10)?
7
Suppose 3*t - 40 = 71. What is the tens digit of t?
3
Suppose 3*i = -0*i - 96. Let r = 64 + i. What is the units digit of r/3 - 7/(-21)?
1
Let o be 1/3*(34 - 1). Suppose 2*s + 8 = 0, 2*v - 11 = -v + 2*s. Suppose -o = -4*l + v. What is the units digit of l?
3
Let m = -59 + 65. What is the units digit of m?
6
Let o = 11 - 7. What is the units digit of (-3)/(0 + (-2)/o)?
6
Suppose 0 = 2*l - 228. What is the hundreds digit of l?
1
Let w = 90 + -42. What is the tens digit of w?
4
Let n = -92 + 192. What is the tens digit of n?
0
Let c be 0 + 0 + 6/(-1). Let z(r) = r**3 - 2*r**2 - 3*r**3 + r**3 - 4*r**2 + 7. What is the units digit of z(c)?
7
Let v(h) = 2*h - 1. What is the units digit of v(2)?
3
Let i = 25 - -6. Suppose -9 = -5*b + i. What is the units digit of b?
8
Let c be ((-2)/3)/((-2)/6). Let s(n) = -n**2 + 3*n + 4. Let h be s(4). Let k = c - h. What is the units digit of k?
2
Suppose 4*o + 145 = 5*j, 3*j + 5*o = 2*j. What is the units digit of j?
5
Let h(b) = 83*b**3 + b**2 - b - 1. What is the tens digit of h(1)?
8
Let k be (8 + -3)*8/10. Let l(w) = -w**2 + 5*w - 3. Let x be l(k). Let s = x + 3. What is the units digit of s?
4
Suppose -3*u + 663 = -0*u. What is the hundreds digit of u?
2
What is the tens digit of (3 + -4)/((-2)/82)?
4
Let m = -19 - -55. Suppose 7*h - m = 4*h. What is the units digit of h?
2
Suppose -3*p + 126 = p - 2*t, -3*p - 5*t + 88 = 0. What is the units digit of p?
1
Suppose -5 = -5*y + 5, -2*h + 90 = 2*y. What is the tens digit of h?
4
Let i(h) be the second derivative of -5*h**3/6 + h**2/2 - 3*h. Let m(g) = 4*g - 2. Let r(k) = 3*i(k) + 4*m(k). What is the units digit of r(6)?
1
Suppose 0 = 2*f - 49 - 5. Suppose 0 = m - 0*m, 54 = -3*k + 2*m. Let v = f + k. What is the units digit of v?
9
Let z be ((-8)/6)/(18/27). Let x = z - -7. What is the units digit of x?
5
Suppose -2*p = p. Let f be 13 + -1 + p + 2. Let r = f + -6. What is the units digit of r?
8
Let f(k) = k**3 + 12*k**2 - 22*k - 24. What is the tens digit of f(-13)?
9
Suppose -4 = -2*c - 0. Suppose 0 = 5*i - 25, 0 = r + i - 23 + c. What is the tens digit of r?
1
Suppose -5*d + 405 = 5*t, 4*d + 0*d - 321 = -t. Suppose -4*x - 2*g + g + 65 = 0, d = 4*x + 4*g. What is the tens digit of x?
1
Suppose -c + 59 = -5*h, 5*c + h = 4*c + 29. What is the tens digit of c?
3
Let r(p) = -p**3 - 11*p**2 - 10*p. Let l be r(-10). Suppose l = -v + 3*v - 24. What is the tens digit of v?
1
Let w(j) = -j**3 + 10*j**2 + 12*j - 8. What is the tens digit of w(9)?
8
Let v = 62 + -26. Let b = v - 23. What is the units digit of b?
3
Let s(m) = -2*m - 3. Let h be s(-3). Suppose 4*j - 8 - 10 = -2*n, -h*n = -9. Suppose g + j = 0, 4*g + 97 = 5*x + 35. What is the tens digit of x?
1
Suppose 0 = -8*a + 532 - 148. What is the tens digit of a?
4
Let u(h) = h + 1. Let q be u(0). Let o be -16 + (1 - (-1 + q)). What is the units digit of (-3)/(1 - -8)*o?
5
Let y = -4 + 7. Suppose 66 = 6*u - y*u. What is the units digit of u?
2
Suppose -2*l + 64 = 2*b, 3*l + 2*b - 136 = -40. What is the tens digit of l?
3
Suppose -5*f + f + 80 = 0. Suppose 2*q = -2*g - 2*g + f, -g - 2 = 4*q. What is the units digit of (-4)/g*(-108)/8?
9
Let h = 189 + -125. What is the units digit of h?
4
Let n(b) = b**2 + b - 4. Let z be n(0). Let a(s) = s**2 - 3*s - 1. Let o be a(4). Let p = o - z. What is the units digit of p?
7
Let f(g) = -5*g - 1. Suppose -3*h = -0*h - 12. Let a be (1/2)/((-2)/h). What is the units digit of f(a)?
4
Let k = 10 + -6. Suppose -5*n + 3*a + 17 = 0, -5*n + 0*a = -k*a - 16. What is the units digit of n?
4
Let w = 3 - 3. Suppose -v + 0*v + 4 = w. Suppose -v*c + 1 = 5*g - 37, 4*c = -2*g + 32. What is the units digit of c?
7
Let p = 1 + 1. Suppose -29 = -p*o - 2*d + 17, o - 17 = 2*d. Let v = -9 + o. What is the units digit of v?
2
Let j(s) = 4*s**2 - 4*s - 1. Let i be j(-5). What is the units digit of -1*2*i/(-14)?
7
Suppose x - 45 = -3*u, 5*x - 2*u = -126 + 402. What is the tens digit of x?
5
Let c(f) be the second derivative of -f**4/12 + 11*f**3/6 - 6*f**2 - 4*f. What is the tens digit of c(8)?
1
Suppose 5*p = 2*p + 4*d + 51, -3*p + 54 = -3*d. What is the units digit of p?
1
Let d(h) = 42*h - 27. What is the units digit of d(4)?
1
Suppose 0 = s + 2*o - 14, 2*o + 3*o - 15 = 0. What is the units digit of (s/(-20))/(-1)*65?
6
Suppose 0 = 3*v + 79 - 229. What is the units digit of v?
0
Let j be 1/((-9)/(-39))*6. Let f(z) = -2*z - 8. Let g be f(-6). Suppose -4*i - h = -j, g*i + 5*h = 2*h + 22. What is the units digit of i?
7
Let i = -5 - 12. Let c = i + 30. What is the tens digit of c?
1
Let w(b) be the third derivative of -b**4/8 + b**3/3 - 4*b**2. What is the tens digit of w(-4)?
1
What is the units digit of 108/30 + (-4)/(-10)?
4
Let z = 23 + 35. What is the units digit of z?
8
Suppose 6 = -5*j - 74. Let g = j - -23. What is the units digit of g?
7
Suppose 5*b + 8 = 3. Let a be ((0 - 1)*2)/b. Suppose -2*d = a*d - 52. What is the tens digit of d?
1
Suppose 0 = 4*i + 3*k - 46, -3*i - k + 45 = -4*k. Suppose 0 = -4*t + 51 + i. What is the tens digit of t?
1
Suppose -2*l - 2*r + 106 + 14 = 0, 4*r - 304 = -5*l. What is the tens digit of l?
6
Let t(x) = -x**2 - 9*x. Let u be t(-8). Suppose -13 = -2*k - f, 4 + u = k - 5*f. What is the units digit of k?
7
Suppose 20 = -4*v, 3*t + 3*v = -0*t - 9. Let n = t + 10. Suppose 0 = -2*u - u + n. What is the units digit of u?
4
Let l = 95 - -250. What is the units digit of l?
5
Suppose 0 = -2*s + 2*v + 2, s + 0 = 3*v + 1. What is the units digit of s?
1
Suppose -4*j + 122 = -170. What is the units digit of j?
3
Let q be 6/21 - (-38)/14. Suppose 4*u - 86 = -2*i, 0 = -4*u + q*u + i + 17. What is the units digit of u?
0
Let n = 783 + -511. What is the tens digit of n?
7
Let a = -8 - -38. What is the units digit of a?
0
What is the units